13. Let b(u) = -10*d(u) + 11*m(u). Calculate b(1).
-7
Let b(j) = j**3 - j**2 + 13*j - 1. Let n(h) = -7*h**2 + 8*h - 8. Let g(f) = -2*b(f) + 2*n(f). Calculate g(-5).
-14
Let r(f) = 2*f**3 - f**2 - 3*f - 1. Let b be -1*(-10)/(-95) - (-3680)/1748. What is r(b)?
5
Let g = -5215 + 5212. Let z(k) be the third derivative of k**6/120 + k**5/15 - k**3/6 - 3*k**2. Determine z(g).
8
Let c(d) = -7*d**3 - 3*d + 1. Let w(g) = -20*g**3 - 2*g**2 - 10*g + 1. Let t(q) = -3*c(q) + w(q). Determine t(0).
-2
Let j(t) = -12*t - 8. Let y be j(-1). Let h(f) = -10 - y*f - 11*f**2 - 2*f + 5*f + 25*f**2 - 13*f**2. Determine h(-7).
46
Suppose -4*v = -0*v - z + 27, -4*v - 5*z - 33 = 0. Let x = -2 - v. Let s(w) be the second derivative of -w**3/6 - 7*w**2/2 + 2*w - 37. What is s(x)?
-12
Let p(m) be the first derivative of 5*m**2/2 + 3*m - 207. Give p(-6).
-27
Let q(n) = -3*n + 9. Let d(m) = -2*m**3 + 10*m**2 - 7*m. Suppose 47 = 8*c + 15. Let x be d(c). Determine q(x).
-3
Let p(f) = f + 8. Suppose 42*z - 41*z + b - 5 = 0, -5*b = -z + 5. Suppose z*l = 14*h - 10*h - 38, h = 2*l + 11. Determine p(h).
15
Let c(u) be the first derivative of 1 + 7/24*u**4 + 0*u - 1/120*u**6 + 1/10*u**5 + 12*u**2 + 1/6*u**3. Let j(z) be the second derivative of c(z). What is j(7)?
1
Let n(x) = -1. Let l(i) = -4*i - 2. Let m(j) = -l(j) + 4*n(j). Let c(d) = -1343*d - 4 - 15 + 1328*d. Let a be c(-1). Determine m(a).
-18
Let i(o) be the second derivative of 16*o**3/3 + 257*o**2 + 111*o + 9. What is i(-16)?
2
Let f(c) = -12*c - 211. Let n = 591 + -609. Let s be f(n). Let o(l) = -l**3 + 4*l**2 + 6*l + 2. Determine o(s).
7
Let w = -2 + 7. Let g(z) = -z**3 + 9*z**2 + 2 + w - 2 + 3 - 7*z. Let x = -178 + 186. Determine g(x).
16
Let u(h) = -4*h - 16. Suppose 5*f = 3*x - 36, -3*f + 4 = 5*x + 12. Give u(f).
8
Let i(k) = -1818*k - 4 + 12*k**2 + 1822*k - 7*k**2. What is i(4)?
92
Let a(v) be the second derivative of v**5/20 - 5*v**4/12 - 2*v**3/3 + 3*v**2 + 1623*v. Determine a(6).
18
Let r be 28/(-35) + 2/((-10)/21). Let v(u) = -6*u - 41. Give v(r).
-11
Let g(s) = -s**2 - 3. Let w(l) = 7*l + 17 + 0 + 14 - 10 - l**2. Let i be w(0). Suppose 0 = 2*o - 3*v - 11, 5*o - v = -0*o + i. Determine g(o).
-19
Let l be (1/2 + -1)*-2. Let h(r) = -4*r**3 + 2*r**2 + 3*r + 166. Let q be h(0). Let w(x) = l + q*x - 165*x + 1. Calculate w(-7).
-5
Let m be (-4)/(-2) + -1 + 0. Let l(a) = -538*a + 191*a + 193*a - 1 + 176*a. Determine l(m).
21
Let g(j) be the second derivative of -j**5/20 - 11*j**4/6 - 23*j**3/6 + 3*j**2/2 + 61*j - 6. Give g(-21).
45
Let r(h) = 533*h**2 - 1593*h**2 - 11*h**3 + 2*h - 24*h**3 + 2 + 526*h**2 + 535*h**2. Calculate r(-1).
36
Let y(f) = -13*f**2 + 243*f - 47. Let d(p) = -7*p**2 + 131*p - 23. Let s(m) = 11*d(m) - 6*y(m). Determine s(12).
-31
Let h(k) be the first derivative of -k**5/20 + 5*k**4/12 - k**3/2 + 5*k**2/2 - 113*k - 95. Let c(n) be the first derivative of h(n). Give c(4).
9
Suppose 348 = -2*g + 31*g. Let m be ((-2)/6)/(g/144). Let k(s) = -3*s + 2*s**2 - 3 - 3*s**2 - s. Give k(m).
-3
Let q(h) = 2*h**3 + 7*h**2 + 7*h + 7. Let z = 22112 + -22115. Calculate q(z).
-5
Let o(w) = -w - 3. Let b(d) = -2*d**2 + 13*d - 16. Let l be b(10). Let y = 86 + l. Suppose 3*n - 8*n - 25 = y. Determine o(n).
2
Let a be 50/(-80)*16/4*(-24)/(-60). Let h(b) = 8*b**2 + 1. Give h(a).
9
Let g(d) = -d**3 + 11*d**2 + 5*d - 4. Let v(q) = 110*q**3 + 6 - 4*q**2 - 109*q**3 - 6*q - 8*q**2. Let t(h) = -6*g(h) - 5*v(h). Determine t(6).
-6
Let a(n) = -2*n + 12. Let x(t) be the first derivative of -t**4/4 + 12*t**2 + 12*t + 111. Let y be x(5). Give a(y).
-2
Let y be -3*1 - (-5 + 3). Let b(d) = 47329 + 5*d**3 - 47330 + d**3. Determine b(y).
-7
Let n = -3179 - -3146. Let w(u) = 3*u**2 + 99*u - 13. Give w(n).
-13
Let d(o) = -o**2 - 7*o + 1. Let f(u) = -u**3 - u**2 + 2*u + 3. Let y be f(-2). Suppose -5*z = -y*z - 6, -5*c + 4*z - 37 = 0. What is d(c)?
11
Let r(y) = -2*y**2 - 15*y + 13. Suppose 0 = -10*m + 25 - 105. Let g be r(m). Let a(l) = l - 1. Calculate a(g).
4
Suppose -3*u - 11 = -29. Let h(y) = 233*y - 466*y + 234*y. Let f(w) = 8*w + 9. Let x(a) = u*h(a) - f(a). Calculate x(-6).
3
Let w(k) = 3377769*k + 1 + 0*k**2 - 3377739*k + 2 - 31*k**2 - k**3. What is w(-32)?
67
Let g(u) = -7*u**2 + 8*u**2 + 3*u + 3 + 0. Suppose -10*c - 93*c = 515. Calculate g(c).
13
Let n(v) = 55493 + v - 27750 - 27741. Suppose 5*c = 3*c - 14. Give n(c).
-5
Let d(n) = -7 - 13 + n + 36 - 12 - 6. Suppose -2*c + 8 = -4*s - 16, 0 = 5*c - 2*s - 28. Suppose -u = -2*f + 10, -5*u + c*u = 3*f. Give d(u).
-8
Suppose -38*k = -36*k - 84. Suppose 0 = -3*b - 2*b - 5*v + 45, -4*b + k = v. Let y(t) = 9 - b*t**3 - 9*t + 8*t**2 + 20*t**3 - 8*t**3. What is y(-9)?
9
Let m be (-13)/39 + 677/(-3). Let y = -229 - m. Let p(c) = c**2 + c - 5. Let f(t) = t**2 + t - 6. Let a(g) = -2*f(g) + 3*p(g). Determine a(y).
3
Let l(q) be the first derivative of q**6/120 + q**4/24 - 2*q**3/3 - q**2/2 - 36*q + 11. Let w(f) be the second derivative of l(f). Calculate w(0).
-4
Let u(q) = 22 - 107 + 2*q**3 + 82 + 3*q + 11*q**2. Calculate u(-6).
-57
Let u(g) = -g**3 + 12*g + 6*g - 11390*g**2 - 23*g + 11398*g**2 + 21. Calculate u(9).
-105
Let s(n) be the third derivative of -n**4/12 + 11*n**3/6 - n**2. Suppose l + 2 - 157 = -4*t, -t - 175 = -l. Let i be 38/l*4*9. Calculate s(i).
-5
Let d = 43 + -42. Suppose -g - 2 = -2*b + d, g = -3*b + 2. Let o(q) = -5*q + 1. Calculate o(g).
6
Let y(w) be the first derivative of 1/3*w**3 - w**2 - 4*w - 1/4*w**4 - 1/20*w**5 - 6. Let k(u) be the first derivative of y(u). What is k(-3)?
-8
Suppose 3*z = 3*f + 4 + 2, -4*z + 8 = f. Let b be 3 - 36/(-3) - (f + 4). Let v be -4 + -4*b/(-4). Let a(s) = -s**2 + 6*s + 7. What is a(v)?
0
Suppose 10*r + 4809 = 4739. Let v = 7 + -2. Let z(p) = -v*p + 7 - 4*p + 4*p + 3*p**2 - 4*p**2. What is z(r)?
-7
Let v(n) be the third derivative of n**2 - 7/6*n**3 + 19 + 0*n - 1/12*n**4. Determine v(-5).
3
Let r(d) = 5*d. Let l be r(0). Let m(v) = 2 + 11 + l*v + v - 5. Determine m(-7).
1
Let r(y) = 28*y - 37. Let b(q) = 29*q - 34. Let j(x) = -4*b(x) + 5*r(x). What is j(2)?
-1
Let a(p) = 2*p**2 - 1 + 6*p**2 - 2*p**2 + 6*p**2 + p**3 - 2. Give a(-12).
-3
Suppose 16 + 60 = 2*j. Let n(w) = -2*w - 4*w - 74 + w**2 + j + 35. What is n(5)?
-6
Let r(a) = a**2 - 9*a + 8. Suppose 353*z - 14 = 350*z + 16. Calculate r(z).
18
Suppose -3*c + 3*w + 984 = 0, -8*c + 5*c + 1009 = 2*w. Let v = c + -317. Let n(k) = -k + 20. Calculate n(v).
4
Suppose 3*z - 5*a = 19 - 56, 4*z - 2*a = -26. Let n(m) = -m**2 - 7*m - 25. Give n(z).
-13
Let s(f) = 2*f**2 + 2*f + 17. Suppose -5*j = -14*j - 15*j. Determine s(j).
17
Let p(g) = g**3 + 2*g**2 - 2*g. Suppose -16*x = 20*x - 180. Suppose -3*d = -x*t + 5, -11*d + 8*d = t + 17. Calculate p(t).
4
Let y(v) = 2*v - 1. Let h(x) be the first derivative of 11*x**2/2 - 15*x - 171. Let u(o) = -h(o) + 5*y(o). Determine u(5).
5
Let d = -4109 - -4105. Let r(k) = -17*k - 6. Give r(d).
62
Let z be ((-9)/((-135)/(-10)))/((-2)/12). Suppose -2*h = -7*h - 3*f - 28, 0 = 3*h + 5*f + z. Let l(t) = t**3 + 8*t**2 + t + 11. Calculate l(h).
3
Let v(p) = 5*p - 9. Suppose -2*f - 106 = 7*z - 2*z, 5*z - 4*f = -88. Let d = -6 - z. Let m(r) = -r**2 + 15*r - 8. Let j be m(d). What is v(j)?
21
Suppose 2*y + y + 14 = 17*y. Let w(z) = 5*z**3 - z**2 - z + 2. Determine w(y).
5
Suppose -456*x + 924*x - 144 = 459*x. Let q(r) = -r**3 + 18*r**2 - 30*r - 31. Give q(x).
1
Let o(z) = 4 + 0*z - 2*z**2 - 3 + 2*z. Let k(b) = 0*b**2 + 1 + 4*b**3 - 3*b**2 - b - 5*b**3. Let h be k(-2). What is o(h)?
-3
Let i(y) = -1647*y - 1659*y + 301 - 1643*y + 4966*y. Give i(-18).
-5
Let b(g) = -g**2 - 56*g + 55. Let t be b(-57). Let v(n) = -n**3 + 2*n**2 - 2*n - 9. What is v(t)?
11
Let o(j) be the first derivative of -9*j**2/2 + 2*j + 1. Let i(h) = -2 + 0 + 23*h - 10*h - 1 + 0. Let n(f) = 5*i(f) + 7*o(f). Determine n(-2).
-5
Let l(o) = -3*o**3 + o**2 + o + 1. Suppose 0*s + s - 4*t - 14 = 0, 3*s - 27 = -3*t. Suppose s = -x + 1. Let a = 11 + x. Give l(a).
-17
Let l(w) = 28*w**3 - 6*w**2 - 3*w. Let d(q) = -27*q**3 + 5*q**2 + q. Let a(r) = 3*d(r) + 2*l(r). Determine a(1).
-25
Let d(u) = u**2 - 9*u + 1. Let a = -27 + -39. Let m = a - -73. What is d(m)?
-13
Let h(u) = u**3 + 4*u**2 - 10*u - 5. Let f(a) = 16*a**2 + 140*a - 207. Let m be f(-10). Give h(m).
-82
Suppose -5*d - 131 = 2*g, 4*g - d - 202 = -38